 (-7 + 0)?
6
What is the value of -72 + 75 - ((1 - 1) + 7)?
-4
Evaluate (1 - (0 - -2)) + (2 - 2).
-1
What is the value of -2 - (0 - -3) - (-2 - 1)?
-2
What is -4 - (0 - 6 - -5)?
-3
What is the value of (3 - 4 - 1) + 0 + 3?
1
Evaluate (-2 - 8) + 3 - -4.
-3
Evaluate 4 + (-9 + -1 - (4 + -5)).
-5
Evaluate 1 + (-1 - 4 - (-7 + 6)).
-3
Evaluate 4 + (2 - 4) + (1 - 0).
3
(-1 + -4 - -6) + -3 + -1
-3
Evaluate (-20 - -5) + -6 + 13.
-8
What is the value of 4 + 1 + -6 + -2?
-3
What is the value of 4 + -5 + 2 - -3?
4
What is the value of 4 + -10 + -2 + 10?
2
-1 + 10 + (-11 - -6)
4
Calculate (-4 - (13 + -15)) + 4.
2
Evaluate -4 - -1 - (-13 - (-2 - 7)).
1
18 - 13 - (-1 + 9)
-3
What is 11 + -12 + -1 + 4 + -4?
-2
Calculate (2 - 6) + -1 + 2 + -2.
-5
8 + (-4 - 1) + (1 - -2)
6
Calculate 8 - (4 - 9) - 12.
1
What is the value of 0 + 1 + -4 - (-19 + 10)?
6
Evaluate -1 + 1 - (1 - 3).
2
Evaluate -1 - (-7 + 3) - (4 + 3).
-4
What is (7 - 2) + 0 + (2 - 1)?
6
Evaluate -7 + (5 - 3 - (-1 - -2)).
-6
What is -3 + 2 + 3 + -4 + 3?
1
What is -13 - -4 - (-6 - 13)?
10
What is the value of (4 - -3) + -5 + 0?
2
2 + -6 + 1 + 3
0
Calculate -8 - (-10 + 12 - (2 + 0)).
-8
Calculate (3 - 1) + (1 - -3).
6
Calculate (11 - 2) + (5 - 9) + -1.
4
What is 8 + -3 + 6 + -4?
7
Calculate (1 - 1 - 1) + 3 - 0.
2
(1 + -2 - -6) + -4
1
Evaluate 43 + -48 + (0 - -5) + -6.
-6
What is the value of -2 - (-2 - -7) - -10?
3
What is the value of (3 - -5) + -2 - 4?
2
-3 + 2 + -2 + 5
2
What is the value of -1 + -5 + 10 - 6?
-2
Calculate -31 + 31 - (-8 - 0).
8
3 - -1 - (12 - (-2 - -7))
-3
6 + -4 + 0 + -3 + 5
4
What is (1 - -4) + 0 + -56 + 58?
7
1 + -2 + 7 - (12 + -7)
1
What is the value of -1 + -4 + -6 + 6?
-5
0 + (3 - 4) + -1 + 1
-1
Calculate 0 + (1 - 3 - (15 + -13)).
-4
What is the value of (0 + 2 - 1) + (-2 - -1)?
0
4 + (-4 - 4) - 1
-5
What is the value of 1 - -10 - (-19 + 25)?
5
(-14 - -10) + 7 - 6
-3
Evaluate (-8 - -2 - (-27 - -21)) + -7.
-7
Calculate 0 - ((-2 - -2) + 5).
-5
What is the value of -7 - 0 - (-46 - -43)?
-4
What is -1 + 1 + 2 - 3?
-1
(1 - (2 + 6)) + 1 + 3
-3
1 - (2 + 2 + -7)
4
What is the value of -6 + (-2 + 0 - (31 + -47))?
8
-2 - 6 - -3 - -3
-2
What is (-1 + -2 - -8 - 10) + 3?
-2
What is 3 + -6 + (-4 - -13)?
6
What is the value of (3 - 2) + 6 + 2 + -5?
4
Calculate 15 - (4 + -1) - 6.
6
Evaluate 0 + 1 + (0 - 2) + 4.
3
Calculate (-6 - 1 - -18) + -4.
7
What is -6 + -1 + 6 - 6?
-7
-9 + 1 - (-1 - 5)
-2
What is the value of (-3 - 11) + 15 + -10 - -4?
-5
Evaluate (4 + -3 - 4) + 2.
-1
What is -3 + -2 - (-54 + 54)?
-5
Calculate (1 - -3) + (332 - 332).
4
What is -8 + (-5 - -12) + -4?
-5
2 - (-1 + 1) - (-81 + 84)
-1
3 - (-4 + 6 + -2)
3
Evaluate -2 + -3 + -12 + 17.
0
Calculate -3 - (0 + -7 + 4 + -6).
6
What is the value of -4 - 1 - (-12 + 15 - 5)?
-3
Evaluate 1 + -6 + -3 + 10 + -6.
-4
What is 1 - (-10 + 5) - -1?
7
Evaluate -3 - (0 - (-7 - -5)) - 0.
-5
Calculate 1 + 1 - (34 - 38).
6
What is the value of 6 - (4 - -8) - -6?
0
What is -13 - (-9 + 7 + -6 + 0)?
-5
Calculate (-3 - (-3 + -1)) + -2.
-1
What is -3 + (0 - -4) + -16 + 15?
0
Calculate -3 + 1 + -1 + (17 - 11).
3
5 + (-5 - -7 - 11)
-4
Calculate (-8 - -6) + -4 + 4.
-2
Calculate (3 - (2 + 3)) + -3.
-5
What is the value of -1 + -5 + 5 + 3?
2
Calculate 2 + 4 + (5 - (17 + -8)).
2
(6 - 3) + 0 + 1 + -9
-5
Evaluate 1 + 1 + 4 + -4.
2
What is the value of (7 - (5 - 5)) + -2 + -1?
4
Calculate 4 + (-4 - -8) + -2 - 7.
-1
What is the value of 1 - 4 - (1 - 6) - 1?
1
What is 5 + (-13 - (-17 + 8))?
1
What is the value of (-91 - -84) + (0 - -11)?
4
(-5 - 0) + 11 + (-8 - -5)
3
Evaluate 232 + -227 - (6 - (-1 + 0)).
-2
-1 + (5 - 3) - 4
-3
-9 + -5 + (10 - -11)
7
What is 3 - (2 - -1) - -1?
1
Calculate -6 + (-3 - (-16 - -11)).
-4
Evaluate -9 - ((6 - (2 + 4)) + -3).
-6
Evaluate 14 + -2 - (-14 + 19).
7
What is the value of -5 + 4 + -4 + -4 + 4?
-5
What is -6 + 23 + -9 - (6 - -1)?
1
0 + ((0 - -1) + -2 - 0)
-1
-5 - 3 - (-34 + 18)
8
5 - (3 + 2 + -8 + 2)
6
What is -1 - (-1 - -1) - 1?
-2
Calculate (-3 - (1 + (1 - 4))) + 9.
8
What is -4 + 2 - (-8 + 4)?
2
What is the value of -8 + 3 - (-13 + 18)?
-10
What is the value of -4 + (-1 - (-3 + 3))?
-5
What is -5 + 3 + (-1 - -1) + -2?
-4
What is -18 - (3 + -15) - (0 + 3)?
-9
Calculate (-20 - -21) + (-2 - 1) - -4.
2
Calculate (-5 - 4) + 1 + (8 - 3).
-3
What is the value of (0 - 8) + -1 - -2?
-7
What is 6 - (-1 - ((0 - 3) + 0))?
4
-5 + 4 + 2 + -2
-1
Calculate -6 + -4 - -14 - (1 + 1).
2
What is the value of -2 + 1 - (5 + -8 + -1)?
3
Evaluate -3 - (4 - (0 - -5)).
-2
What is the value of (9 + -3 - 4) + 1?
3
What is -20 - (0 + -7) - (5 - 11)?
-7
What is the value of 3 + (-1 - (7 + -5)) + -1?
-1
-2 + (-1 - -7) - (11 - 1)
-6
Evaluate -7 + 5 + (-1 + 1 - -7).
5
What is the value of (3 - (17 - 7)) + 0 + -1?
-8
What is the value of 2 + (-14 - -13) + -1 + -5?
-5
Evaluate 25 - 21 - (1 - -1) - -3.
5
What is the value of 9 + -9 + 5 - 10?
-5
What is the value of -1 - (8 + -6 + -3)?
0
What is -9 + (6 - -1 - (-43 - -44))?
-3
-4 - (-4 + 5 - 5)
0
What is -3 + 4 + 1 + -3?
-1
What is 7 + (-2 - 1) - (18 - 14)?
0
What is -22 + 3 + 9 - -17?
7
Calculate 2 - (3 + 7) - -15.
7
Calculate 6 + 3 + -5 + -3 + 4.
5
Evaluate (-1 - 3) + 50 + -52.
-6
What is 9 - 4 - 3 - (6 - 0)?
-4
2 + -5 + 8 + (-1 - 2)
2
Calculate 14 + -5 + -1 - 1.
7
Calculate -4 - -8 - (-4 + 12).
-4
Calculate 2 + 5 - (-16 + 21).
2
Calculate (-2 - -5 - -2) + (-2 - -1).
4
2 - (4 + -3 - -2) - -5
4
(-9 - -12) + (-3 - (1 - 2))
1
Evaluate -3 + -2 + 3 + 6.
4
Calculate (14 - 5) + -6 - -3 - 2.
4
Calculate 0 + -9 + (101 - 99).
-7
Calculate -1 + 7 + (-3 - 3) - -5.
5
-1 - ((-2 - 1) + 3)
-1
-9 - (6 + -5 + -5) - 1
-6
8 + (-1 - ((-5 - -4) + 1))
7
What is the value of (-1 - -6 - 4) + 3?
4
Evaluate 1 - (1 - (0 + -4 + 4)).
0
Calculate -8 - -1 - -4 - 2.
-5
What is 6 + (-1 - (-2 - (-8 + 1)))?
0
(9 - 16) + 1 + -1
-7
Evaluate -6 + 1 - -3 - -1.
-1
Calculate 3 - (4 + 2 + 1 - -1).
-5
Evaluate (-2 - -1) + 2 - (4 + 0).
-3
What is the value of (8 - 0) + 73 + -79?
2
What is (6 - 8 - 6) + 13?
5
Calculate 0 + -3 + (-6 - (-3 - 7)).
1
Calculate 10 + (-11 - -5) - (-2 + -1).
7
6 + (-8 - 6) - -2
-6
Evaluate 8 + (2 - (18 - 9)).
1
Calculate 4 - (3 + 3 + -2).
0
Calculate 7 + -2 + -5 - 2.
-2
What is the value of (23 - 10 - -1) + -4?
10
Calculate -2 + (-5 - 5) - -7.
-5
Evaluate -3 + 21 + -14 - 12.
-8
What is the value of -2 - 4 - (1 - 4)?
-3
Evaluate (-1 - 6) + 6 - 4.
-5
Evaluate -5 - (3 + -5) - (6 - 13).
4
Evaluate (6 - 0) + (4 - 1 - 4).
5
What is 1 + 0 + 2 + (27 - 35)?
-5
What is the value of 6 + 7 + 4 + -20?
-3
Evaluate 6 - (-1 + (-2 + 7 - 3)).
5
What is 0 + -3 + 8 + 8 - 4?
9
What is 1 - (0 - 7 - -5 - -1)?
2
Evaluate -18 + 5 + 18 + (2 - -3).
10
What is the value of 2 - (0 + 0 + 0)?
2
What is the value of -1 - -4 - (-2 - -9)?
-4
What is the value of 3 - (2 + -4 + 5)?
0
-13 + 15 + -13 + 20
9
Evaluate 0 - (3 + -2) - 4.
-5
What is the value of (1 - (16 - 8)) + 13?
6
What is 2 - -1 - (3 - 1)?
1
What is the value of 3 + 3 + (-4 - -2)?
4
Evaluate -3 - (1 + -5 - 7 - -7).
1
-3 - (-6 + 1 + 3) - -1
0
What is the value of 7 - (3 + 3 - 1) - -1?
3
What is the value of -23 - -16 - ((5 - 6) + -2)?
-4
Evaluate -15 - -17 - (3 - 2 - 5).
6
Calculate 1 - -3 - (42 + -43).
5
Evaluate (-2 - -1) + (9 - 3) - -4.
9
Evaluate (2 - 3) + (1 - 0).
0
What is the value of -3 + 5 + 3 + -8?
-3
Evaluate 7 - (-2 - -5) - (8 - 0).
-4
1 + -3 + (0 - -15 - 5)
8
1 + 14 + -8 - (-1 - -3)
5
Evaluate 16 + (-8 + -16 - -12).
4
What is the value of 10 - (11 - 1) - 0?
0
Calculate -4 + (11 + 7 - 7).
7
What is 6 + (-3 - (-3 + 7 + -3))?
2
Calculate 6 - (-3 + 2 - (-27 + 18)).
-2
10 + (4 - 9 - 0)
5
What is 14 + (5 - (29 - 9))?
-1
Evaluate 177 - 178 - (-9 - 0).
8
What is -10 - (-21 - -12) - 5?
-6
Evaluate (-1 - (6 + -12)) + (1 - 4).
2
Calculate 1 - (-5 - -7) - -6.
5
Calculate 0 - -3 - (2 - 1 - 3).
5
0 + 8 + -14 - (-9 + 1)
2
Calculate (4 - 1) + (-18 - -10 - -6).
1
What is -1 + (-4 - 1) + -12 + 14?
-4
Evaluate -5 - (-3 - (4 + 1 + -3)).
0
What is 4 - ((-2 - -9 - 3) + -6)?
6
What is 16 - (19 - (11 - 3))?
5
What is -9 - (-2 - 1 - (6 - 5))?
-5
Calculate (-9 - -20) + -7 + (-4 - 1).
-1
Evaluate -12 + 13 + 8 + 0.
9
What is 3 + -2 + 8 + -11?
-2
Calculate 4 - (-6 + (-9 + 6 - -4)).
9
Calculate -8 + (-2 - -12) - 5.
-3
Evaluate 4 - -2 - ((8 - 7) + 11).
-6
4 - (8 + 1 + -4 + 1)
-2
Evaluate 0 + -1 - -3 - (-1 - 0).
3
What i